{"id":153,"date":"2023-10-19T12:30:22","date_gmt":"2023-10-19T10:30:22","guid":{"rendered":"https:\/\/handicapablebcn.com\/?page_id=153"},"modified":"2023-10-19T18:16:31","modified_gmt":"2023-10-19T16:16:31","slug":"metodologia","status":"publish","type":"page","link":"https:\/\/handicapablebcn.com\/index.php\/metodologia\/","title":{"rendered":"Filosof\u00eda de trabajo"},"content":{"rendered":"\n<h2 class=\"wp-block-heading has-text-align-center\">Enfoque Global<\/h2>\n\n\n\n<p class=\"has-text-align-center\">Nuestro m\u00e9todo de tratamiento se nutre de una visi\u00f3n general del paciente. No solamente de su patolog\u00eda.<\/p>\n\n\n<div class=\"wp-block-image\">\n<figure class=\"aligncenter size-full is-resized\"><img fetchpriority=\"high\" decoding=\"async\" width=\"500\" height=\"500\" src=\"https:\/\/handicapablebcn.com\/wp-content\/uploads\/2023\/10\/Diseno_sin_titulo__21_-removebg-preview.png\" alt=\"\" class=\"wp-image-154\" style=\"aspect-ratio:1;width:356px;height:auto\" srcset=\"https:\/\/handicapablebcn.com\/wp-content\/uploads\/2023\/10\/Diseno_sin_titulo__21_-removebg-preview.png 500w, https:\/\/handicapablebcn.com\/wp-content\/uploads\/2023\/10\/Diseno_sin_titulo__21_-removebg-preview-300x300.png 300w, https:\/\/handicapablebcn.com\/wp-content\/uploads\/2023\/10\/Diseno_sin_titulo__21_-removebg-preview-150x150.png 150w\" sizes=\"(max-width: 500px) 100vw, 500px\" \/><\/figure><\/div>\n\n\n<h2 class=\"wp-block-heading has-text-align-center\">Intensivo<\/h2>\n\n\n\n<p class=\"has-text-align-center\">Creemos que la mejor manera de conseguir una evoluci\u00f3n es trabajando de manera intensiva y controlada, en sesiones de una hora de trabajo, y durante varios d\u00edas para obtener una correcta integraci\u00f3n f\u00edsica del trabajo que se va a realizar. <\/p>\n\n\n<div class=\"wp-block-image\">\n<figure class=\"aligncenter size-full\"><img decoding=\"async\" width=\"500\" height=\"500\" src=\"https:\/\/handicapablebcn.com\/wp-content\/uploads\/2023\/10\/handicapable3-removebg-preview.png\" alt=\"\" class=\"wp-image-155\" srcset=\"https:\/\/handicapablebcn.com\/wp-content\/uploads\/2023\/10\/handicapable3-removebg-preview.png 500w, https:\/\/handicapablebcn.com\/wp-content\/uploads\/2023\/10\/handicapable3-removebg-preview-300x300.png 300w, https:\/\/handicapablebcn.com\/wp-content\/uploads\/2023\/10\/handicapable3-removebg-preview-150x150.png 150w\" sizes=\"(max-width: 500px) 100vw, 500px\" \/><\/figure><\/div>\n\n\n<h2 class=\"wp-block-heading has-text-align-center\">Al ritmo del paciente<\/h2>\n\n\n\n<p class=\"has-text-align-center\">Aunque nuestro programa de rehabilitaci\u00f3n sea intensivo, siempre anteponemos las necesidades de nuestros pacientes para que la integraci\u00f3n del trabajo sea lo m\u00e1s satisfactoria posible.<\/p>\n\n\n<div class=\"wp-block-image\">\n<figure class=\"aligncenter size-full\"><img decoding=\"async\" width=\"500\" height=\"500\" src=\"https:\/\/handicapablebcn.com\/wp-content\/uploads\/2023\/10\/Diseno_sin_titulo__22_-removebg-preview.png\" alt=\"\" class=\"wp-image-156\" srcset=\"https:\/\/handicapablebcn.com\/wp-content\/uploads\/2023\/10\/Diseno_sin_titulo__22_-removebg-preview.png 500w, https:\/\/handicapablebcn.com\/wp-content\/uploads\/2023\/10\/Diseno_sin_titulo__22_-removebg-preview-300x300.png 300w, https:\/\/handicapablebcn.com\/wp-content\/uploads\/2023\/10\/Diseno_sin_titulo__22_-removebg-preview-150x150.png 150w\" sizes=\"(max-width: 500px) 100vw, 500px\" \/><\/figure><\/div>\n\n\n<div style=\"height:100px\" aria-hidden=\"true\" class=\"wp-block-spacer\"><\/div>\n","protected":false},"excerpt":{"rendered":"<p>Enfoque Global Nuestro m\u00e9todo de tratamiento se nutre de una visi\u00f3n general del paciente. No solamente de su patolog\u00eda. Intensivo Creemos que la mejor manera de conseguir una evoluci\u00f3n es trabajando de manera intensiva y controlada, en sesiones de una hora de trabajo, y durante varios d\u00edas para obtener una [&hellip;]<\/p>\n","protected":false},"author":1,"featured_media":0,"parent":0,"menu_order":0,"comment_status":"closed","ping_status":"closed","template":"","meta":{"content-type":"","om_disable_all_campaigns":false,"_monsterinsights_skip_tracking":false,"_monsterinsights_sitenote_active":false,"_monsterinsights_sitenote_note":"","_monsterinsights_sitenote_category":0,"footnotes":""},"aioseo_notices":[],"_links":{"self":[{"href":"https:\/\/handicapablebcn.com\/index.php\/wp-json\/wp\/v2\/pages\/153"}],"collection":[{"href":"https:\/\/handicapablebcn.com\/index.php\/wp-json\/wp\/v2\/pages"}],"about":[{"href":"https:\/\/handicapablebcn.com\/index.php\/wp-json\/wp\/v2\/types\/page"}],"author":[{"embeddable":true,"href":"https:\/\/handicapablebcn.com\/index.php\/wp-json\/wp\/v2\/users\/1"}],"replies":[{"embeddable":true,"href":"https:\/\/handicapablebcn.com\/index.php\/wp-json\/wp\/v2\/comments?post=153"}],"version-history":[{"count":3,"href":"https:\/\/handicapablebcn.com\/index.php\/wp-json\/wp\/v2\/pages\/153\/revisions"}],"predecessor-version":[{"id":175,"href":"https:\/\/handicapablebcn.com\/index.php\/wp-json\/wp\/v2\/pages\/153\/revisions\/175"}],"wp:attachment":[{"href":"https:\/\/handicapablebcn.com\/index.php\/wp-json\/wp\/v2\/media?parent=153"}],"curies":[{"name":"wp","href":"https:\/\/api.w.org\/{rel}","templated":true}]}}