{"id":176,"date":"2023-10-19T18:42:22","date_gmt":"2023-10-19T16:42:22","guid":{"rendered":"https:\/\/handicapablebcn.com\/?page_id=176"},"modified":"2023-10-19T18:42:37","modified_gmt":"2023-10-19T16:42:37","slug":"metodologia-2","status":"publish","type":"page","link":"https:\/\/handicapablebcn.com\/index.php\/metodologia-2\/","title":{"rendered":"Metodolog\u00eda"},"content":{"rendered":"\n<div class=\"wp-block-columns is-layout-flex wp-container-3 wp-block-columns-is-layout-flex\">\n<div class=\"wp-block-column is-layout-flow wp-block-column-is-layout-flow\" style=\"flex-basis:33.33%\">\n<h2 class=\"wp-block-heading has-text-align-left\"><br>\u00bfC\u00f3mo trabajamos?<\/h2>\n<\/div>\n\n\n\n<div class=\"wp-block-column is-layout-flow wp-block-column-is-layout-flow\" style=\"flex-basis:66.66%\">\n<p class=\"has-text-align-left\">Nuestra metodolog\u00eda se basa en el trabajo intensivo. Est\u00e1 cl\u00ednicamente probado que el cerebro integra la informaci\u00f3n mediante la repetici\u00f3n. Esto puede extrapolarse, no solo al \u00e1mbito cognitivo, sino tambi\u00e9n al f\u00edsico. <br><\/p>\n<\/div>\n<\/div>\n\n\n\n<div style=\"height:100px\" aria-hidden=\"true\" class=\"wp-block-spacer\"><\/div>\n\n\n\n<div class=\"wp-block-columns is-layout-flex wp-container-6 wp-block-columns-is-layout-flex\">\n<div class=\"wp-block-column is-layout-flow wp-block-column-is-layout-flow\" style=\"flex-basis:66.66%\">\n<p>Debido a las bases de nuestro m\u00e9todo, nuestro trabajo se har\u00e1 en intensivos. Dichos intensivos tendr\u00e1n una duraci\u00f3n m\u00ednima de 5 d\u00edas en los que el paciente tendr\u00e1 4 sesiones de trabajo. Cada sesi\u00f3n durar\u00e1 entre 50-55 minutos.<\/p>\n<\/div>\n\n\n\n<div class=\"wp-block-column is-layout-flow wp-block-column-is-layout-flow\" style=\"flex-basis:33.33%\">\n<h2 class=\"wp-block-heading has-text-align-right\"><br>\u00bfCu\u00e1nto trabajamos?<\/h2>\n<\/div>\n<\/div>\n\n\n\n<div style=\"height:100px\" aria-hidden=\"true\" class=\"wp-block-spacer\"><\/div>\n\n\n\n<div class=\"wp-block-columns is-layout-flex wp-container-9 wp-block-columns-is-layout-flex\">\n<div class=\"wp-block-column is-layout-flow wp-block-column-is-layout-flow\" style=\"flex-basis:33.33%\">\n<h2 class=\"wp-block-heading has-text-align-left\">\u00bfQu\u00e9 trabajamos?<\/h2>\n<\/div>\n\n\n\n<div class=\"wp-block-column is-layout-flow wp-block-column-is-layout-flow\" style=\"flex-basis:66.66%\">\n<p>En nuestro centro trabajamos tanto de manera funcional, mediante ejercicios f\u00edsicos, como de manera estructural mediante el uso de t\u00e9cnicas fisioterap\u00e9uticas y\/o mecanismos de electroterapia y mecanoterapia dise\u00f1ados a tal efecto.<\/p>\n<\/div>\n<\/div>\n\n\n\n<div style=\"height:100px\" aria-hidden=\"true\" class=\"wp-block-spacer\"><\/div>\n","protected":false},"excerpt":{"rendered":"<p>\u00bfC\u00f3mo trabajamos? Nuestra metodolog\u00eda se basa en el trabajo intensivo. Est\u00e1 cl\u00ednicamente probado que el cerebro integra la informaci\u00f3n mediante la repetici\u00f3n. Esto puede extrapolarse, no solo al \u00e1mbito cognitivo, sino tambi\u00e9n al f\u00edsico. Debido a las bases de nuestro m\u00e9todo, nuestro trabajo se har\u00e1 en intensivos. Dichos intensivos tendr\u00e1n [&hellip;]<\/p>\n","protected":false},"author":1,"featured_media":0,"parent":0,"menu_order":0,"comment_status":"closed","ping_status":"closed","template":"","meta":{"content-type":"","om_disable_all_campaigns":false,"_monsterinsights_skip_tracking":false,"_monsterinsights_sitenote_active":false,"_monsterinsights_sitenote_note":"","_monsterinsights_sitenote_category":0,"footnotes":""},"aioseo_notices":[],"_links":{"self":[{"href":"https:\/\/handicapablebcn.com\/index.php\/wp-json\/wp\/v2\/pages\/176"}],"collection":[{"href":"https:\/\/handicapablebcn.com\/index.php\/wp-json\/wp\/v2\/pages"}],"about":[{"href":"https:\/\/handicapablebcn.com\/index.php\/wp-json\/wp\/v2\/types\/page"}],"author":[{"embeddable":true,"href":"https:\/\/handicapablebcn.com\/index.php\/wp-json\/wp\/v2\/users\/1"}],"replies":[{"embeddable":true,"href":"https:\/\/handicapablebcn.com\/index.php\/wp-json\/wp\/v2\/comments?post=176"}],"version-history":[{"count":2,"href":"https:\/\/handicapablebcn.com\/index.php\/wp-json\/wp\/v2\/pages\/176\/revisions"}],"predecessor-version":[{"id":178,"href":"https:\/\/handicapablebcn.com\/index.php\/wp-json\/wp\/v2\/pages\/176\/revisions\/178"}],"wp:attachment":[{"href":"https:\/\/handicapablebcn.com\/index.php\/wp-json\/wp\/v2\/media?parent=176"}],"curies":[{"name":"wp","href":"https:\/\/api.w.org\/{rel}","templated":true}]}}