{"id":34,"date":"2023-10-18T12:00:02","date_gmt":"2023-10-18T10:00:02","guid":{"rendered":"https:\/\/handicapablebcn.com\/?page_id=34"},"modified":"2024-10-30T21:44:53","modified_gmt":"2024-10-30T20:44:53","slug":"inicio","status":"publish","type":"page","link":"https:\/\/handicapablebcn.com\/","title":{"rendered":"Inicio"},"content":{"rendered":"\n<div class=\"wp-block-columns container is-layout-flex wp-container-4 wp-block-columns-is-layout-flex\">\n<div class=\"wp-block-column is-layout-flow wp-block-column-is-layout-flow\">\n<h2 class=\"wp-block-heading has-text-align-center\">                                             Sobre Nosotros<\/h2>\n\n\n\n<div class=\"wp-block-columns is-layout-flex wp-container-2 wp-block-columns-is-layout-flex\">\n<div class=\"wp-block-column is-layout-flow wp-block-column-is-layout-flow\">\n<p class=\"has-text-align-center\">Tenemos m\u00e1s de 10 a\u00f1os de experiencia en el sector de la Fisioterapia en Neurolog\u00eda y en Neurolog\u00eda Pedi\u00e1trica. Ofrecemos trato cercano y familiar para que el proceso de tratamiento sea lo m\u00e1s org\u00e1nico y accesible posible.<\/p>\n<\/div>\n<\/div>\n<\/div>\n<\/div>\n\n\n\n<div style=\"height:100px\" aria-hidden=\"true\" class=\"wp-block-spacer\"><\/div>\n\n\n\n<h2 class=\"wp-block-heading has-text-align-center\">F\u00e1cil<\/h2>\n\n\n\n<p class=\"has-text-align-center\">Tratamiento simple y efectivo. Tanto para pacientes como para pap\u00e1s y mam\u00e1s<\/p>\n\n\n\n<div class=\"wp-block-columns is-layout-flex wp-container-6 wp-block-columns-is-layout-flex\">\n<div class=\"wp-block-column is-layout-flow wp-block-column-is-layout-flow\"><div class=\"wp-block-image\">\n<figure class=\"aligncenter size-full is-resized\"><img fetchpriority=\"high\" decoding=\"async\" width=\"500\" height=\"500\" src=\"https:\/\/handicapablebcn.com\/wp-content\/uploads\/2023\/10\/Diseno_sin_titulo__18_-removebg-preview.png\" alt=\"\" class=\"wp-image-99\" style=\"aspect-ratio:1;width:316px;height:auto\" srcset=\"https:\/\/handicapablebcn.com\/wp-content\/uploads\/2023\/10\/Diseno_sin_titulo__18_-removebg-preview.png 500w, https:\/\/handicapablebcn.com\/wp-content\/uploads\/2023\/10\/Diseno_sin_titulo__18_-removebg-preview-300x300.png 300w, https:\/\/handicapablebcn.com\/wp-content\/uploads\/2023\/10\/Diseno_sin_titulo__18_-removebg-preview-150x150.png 150w\" sizes=\"(max-width: 500px) 100vw, 500px\" \/><\/figure><\/div><\/div>\n<\/div>\n\n\n\n<h2 class=\"wp-block-heading has-text-align-center\">Cercano<\/h2>\n\n\n\n<p class=\"has-text-align-center\">Tratamiento humano. No tratamos enfermedades, tratamos personas.<\/p>\n\n\n<div class=\"wp-block-image\">\n<figure class=\"aligncenter size-full is-resized\"><img decoding=\"async\" width=\"500\" height=\"500\" src=\"https:\/\/handicapablebcn.com\/wp-content\/uploads\/2023\/10\/Diseno_sin_titulo__20_-removebg-preview.png\" alt=\"\" class=\"wp-image-101\" style=\"aspect-ratio:1;width:253px;height:auto\" srcset=\"https:\/\/handicapablebcn.com\/wp-content\/uploads\/2023\/10\/Diseno_sin_titulo__20_-removebg-preview.png 500w, https:\/\/handicapablebcn.com\/wp-content\/uploads\/2023\/10\/Diseno_sin_titulo__20_-removebg-preview-300x300.png 300w, https:\/\/handicapablebcn.com\/wp-content\/uploads\/2023\/10\/Diseno_sin_titulo__20_-removebg-preview-150x150.png 150w\" sizes=\"(max-width: 500px) 100vw, 500px\" \/><\/figure><\/div>\n\n\n<h2 class=\"wp-block-heading has-text-align-center\">Atento<\/h2>\n\n\n\n<p class=\"has-text-align-center\">Las condiciones especiales de nuestros pacientes requieren de un abordaje particular. Mostramos el m\u00e1ximo decoro y sensibilidad.<\/p>\n\n\n<div class=\"wp-block-image\">\n<figure class=\"aligncenter size-full is-resized\"><img decoding=\"async\" width=\"500\" height=\"500\" src=\"https:\/\/handicapablebcn.com\/wp-content\/uploads\/2023\/10\/Diseno_sin_titulo__19_-removebg-preview.png\" alt=\"\" class=\"wp-image-100\" style=\"aspect-ratio:1;width:349px;height:auto\" srcset=\"https:\/\/handicapablebcn.com\/wp-content\/uploads\/2023\/10\/Diseno_sin_titulo__19_-removebg-preview.png 500w, https:\/\/handicapablebcn.com\/wp-content\/uploads\/2023\/10\/Diseno_sin_titulo__19_-removebg-preview-300x300.png 300w, https:\/\/handicapablebcn.com\/wp-content\/uploads\/2023\/10\/Diseno_sin_titulo__19_-removebg-preview-150x150.png 150w\" sizes=\"(max-width: 500px) 100vw, 500px\" \/><\/figure><\/div>\n\n\n<div style=\"height:100px\" aria-hidden=\"true\" class=\"wp-block-spacer\"><\/div>\n\n\n\n<h2 class=\"wp-block-heading has-text-align-center\">\u00a1ABRIMOS AGENDA 2025!<\/h2>\n\n\n\n<p class=\"has-text-align-center\">\u00a1No te quedes sin plaza! Cont\u00e1ctanos para reservar tus sesiones de rehabilitaci\u00f3n<\/p>\n\n\n\n<div class=\"wp-block-buttons alignwide is-content-justification-center is-layout-flex wp-container-7 wp-block-buttons-is-layout-flex\">\n<div class=\"wp-block-button\"><a class=\"wp-block-button__link has-accent-background-color has-background wp-element-button\" href=\"https:\/\/handicapablebcn.com\/index.php\/reservas\/\">Reserva<\/a><\/div>\n<\/div>\n\n\n\n<div style=\"height:100px\" aria-hidden=\"true\" class=\"wp-block-spacer\"><\/div>\n","protected":false},"excerpt":{"rendered":"<p>Sobre Nosotros Tenemos m\u00e1s de 10 a\u00f1os de experiencia en el sector de la Fisioterapia en Neurolog\u00eda y en Neurolog\u00eda Pedi\u00e1trica. Ofrecemos trato cercano y familiar para que el proceso de tratamiento sea lo m\u00e1s org\u00e1nico y accesible posible. F\u00e1cil Tratamiento simple y efectivo. Tanto para pacientes como para pap\u00e1s [&hellip;]<\/p>\n","protected":false},"author":1,"featured_media":0,"parent":0,"menu_order":0,"comment_status":"closed","ping_status":"closed","template":"","meta":{"content-type":"","om_disable_all_campaigns":false,"_monsterinsights_skip_tracking":false,"_monsterinsights_sitenote_active":false,"_monsterinsights_sitenote_note":"","_monsterinsights_sitenote_category":0,"footnotes":""},"aioseo_notices":[],"_links":{"self":[{"href":"https:\/\/handicapablebcn.com\/index.php\/wp-json\/wp\/v2\/pages\/34"}],"collection":[{"href":"https:\/\/handicapablebcn.com\/index.php\/wp-json\/wp\/v2\/pages"}],"about":[{"href":"https:\/\/handicapablebcn.com\/index.php\/wp-json\/wp\/v2\/types\/page"}],"author":[{"embeddable":true,"href":"https:\/\/handicapablebcn.com\/index.php\/wp-json\/wp\/v2\/users\/1"}],"replies":[{"embeddable":true,"href":"https:\/\/handicapablebcn.com\/index.php\/wp-json\/wp\/v2\/comments?post=34"}],"version-history":[{"count":17,"href":"https:\/\/handicapablebcn.com\/index.php\/wp-json\/wp\/v2\/pages\/34\/revisions"}],"predecessor-version":[{"id":262,"href":"https:\/\/handicapablebcn.com\/index.php\/wp-json\/wp\/v2\/pages\/34\/revisions\/262"}],"wp:attachment":[{"href":"https:\/\/handicapablebcn.com\/index.php\/wp-json\/wp\/v2\/media?parent=34"}],"curies":[{"name":"wp","href":"https:\/\/api.w.org\/{rel}","templated":true}]}}